its digit of w?
4
Suppose -x - r = 2*r + 6, -5*x = -r - 18. Let h(a) = a - 1. What is the units digit of h(x)?
2
Let q(u) be the first derivative of -5*u**4/4 - 4*u**3/3 - 3*u**2/2 - u - 6. What is the tens digit of q(-2)?
2
Suppose 8*m - 16 = 280. What is the tens digit of m?
3
Let t(b) = -b + 13. Let k be t(0). Let u be -3*(1 + 28/(-12)). Suppose -j - o - k = u*o, -j - o = 1. What is the units digit of j?
2
Suppose 6*r + 37 = 7*r. What is the tens digit of r?
3
Let j(c) = -c + 10. Let r be 8/(-2) + 4 + -6. What is the tens digit of j(r)?
1
Suppose 4*o - 23 - 16 = -g, 2*o + 68 = 2*g. What is the units digit of g?
5
Let v(x) = 3*x + 1. Let n be v(1). Suppose t - 5*f + 45 = n*t, -4*t + 60 = 4*f. What is the units digit of t?
5
Let s(w) = w**3 + 2*w**2 - 5*w. Let i be s(-4). What is the tens digit of (i/10)/((-8)/100)?
1
Suppose -3*v + 8 = 4*u + 1, -5*v = 15. Suppose 41 = u*k - 11. What is the tens digit of k?
1
Let k = 5 - 4. Let w(p) = 8*p**3 - p**2 + 1. Let y be w(k). Let d = y - 0. What is the units digit of d?
8
Let y(p) be the third derivative of p**6/120 + 2*p**5/15 - p**4/12 - p**3/2 + 3*p**2. What is the units digit of y(-8)?
3
Suppose 3*h + 5*f - 156 = 0, 0 = 3*h - 8*h - 3*f + 276. Suppose -3*b + 3 = -h. What is the tens digit of b?
2
What is the units digit of -3 + (3 + -9)*-8?
5
Suppose 2*t - 76 = -0*t. Suppose f = -f - m + t, 3*m = 0. What is the units digit of f?
9
Let q(b) = b**3 - b**2 + 3. Let y be q(0). Suppose s = 5*t + 35, 0 = -y*s + 4*s - 4*t - 31. What is the units digit of s?
5
Let a(m) = -2*m + 2. Let j be a(-4). Suppose p + 0*p - c - j = 0, 0 = 4*p + 4*c - 32. What is the units digit of p?
9
Let r = -9 - -29. What is the tens digit of r?
2
What is the tens digit of 6/((-6)/3) - (4 - 25)?
1
Let w = 19 + -10. What is the units digit of w?
9
Let t(l) = 2*l - 2. Let k(v) = -5*v + 7. Let b(c) = 2*k(c) + 7*t(c). Let p(n) = -n**2 - 6*n - 2. Let f be p(-5). What is the units digit of b(f)?
2
Let k = 10 + 14. What is the tens digit of k?
2
Let p(o) = o**3 - 4*o**2 + 5*o - 2. Suppose 0 = 3*s - 4*x + 35, 39 = -5*s - 0*s - 3*x. Let h be (-18)/4*6/s. What is the units digit of p(h)?
4
Suppose 3*v = -0*v + 18. Let p = 11 - v. Let l(b) = b**3 - 6*b**2 + 6*b + 5. What is the tens digit of l(p)?
1
Let r(u) = -u + 19. Let f be r(13). Let y be (14/(-5))/(f/(-15)). What is the tens digit of -3*4/(-7)*y?
1
Let m = -129 + 222. What is the tens digit of m?
9
Let n(w) = 9*w**3 - w**2 - 14*w + 1. Let l(m) = 3*m**2 + 0*m - 4*m**2 - 7*m + 5*m**3. Let f(v) = 11*l(v) - 6*n(v). What is the units digit of f(4)?
6
Let n = -4 - -9. Suppose 2*g - n - 25 = 0. What is the tens digit of g?
1
Suppose -4*k + 8*k = 544. Suppose -k = -5*s + s. What is the tens digit of s?
3
Let k(z) = -z - 1. Let h be k(9). Let x = h + 3. Let q = 19 + x. What is the units digit of q?
2
Let f be 84/10 + 4/(-10). Let m = -4 + 6. Suppose 0 = -m*p + f. What is the units digit of p?
4
What is the tens digit of (-7)/(-28) - (-278)/8?
3
Suppose -b = -c + 272, -4*c - 2*b = -9*c + 1348. What is the tens digit of c?
6
Suppose 34 = l - 0*l. Suppose 0 = 2*v - m - m + l, 5*m = 25. Let b = 4 - v. What is the tens digit of b?
1
Suppose -2*u = -5*h + 81, -3*h + 4*u - 33 = -6*h. What is the tens digit of h?
1
Suppose 2*t + 7 = 3*t. Let d(v) be the second derivative of -v**5/20 + 7*v**4/12 + v**3/3 - 2*v**2 - 3*v. What is the tens digit of d(t)?
1
Let f(l) = 2*l + 4. Let x be f(4). Suppose x = z + 3*z. Suppose -z*u + 20 = 2*u. What is the units digit of u?
4
Let m be 115/(-23)*(-2 - (-14)/10). Suppose 0 = -0*v + 2*v + 3*g - 48, 2*g - 142 = -5*v. Suppose -m*p = -v + 3. What is the units digit of p?
9
Let g(w) = w**2 + 2*w - 5. Let d be g(-4). Suppose 0*m - c - 23 = -d*m, -9 = -m - c. What is the units digit of m?
8
Let y be (1/(-3))/(6/(-306)). Let u = -12 + y. What is the units digit of u?
5
Let x be (-3 - 7)/(0 + -2). Suppose -69 = -u + 4*b, -x*u = b - 333 + 51. What is the tens digit of u?
5
Let k = -49 + 71. What is the units digit of k?
2
Suppose -4*s + s - 6 = 0. What is the units digit of s/7 - (-111)/21?
5
Suppose -d + 18 = -0*d - 4*t, 4*d + 3*t = 148. What is the tens digit of d?
3
Suppose -448 = -0*o - 7*o. What is the units digit of o?
4
Let w(z) = z**3 - 2*z**2 - 5*z + 6. Let c be w(4). Suppose -y + c = 4*m - m, -5*m + 34 = 2*y. What is the units digit of y?
2
Let h(k) = -k**3 + 6*k**2 + 4*k + 8. Suppose -o + 3 = 0, 2*o = -2*z + 3*z. What is the units digit of h(z)?
2
Let i = 28 - 17. What is the units digit of i?
1
Suppose 0 = -10*m + 9*m. Let c(z) = -z**2 - z + 14. What is the tens digit of c(m)?
1
Let l(m) = -m**3 + 8*m**2 + m - 10. Let x be (-6)/21 + (-116)/(-14). Let b be l(x). What is the units digit of (0 + (-28)/2)/b?
7
Let j(l) = -2*l - 6. Let z be j(-4). Suppose -2*o = -4*h - 32, -z*o - 3*h + 26 = -5*h. What is the units digit of o?
0
Let m = 124 - 82. Let y = 70 - m. What is the tens digit of y?
2
Let u = -9 + 14. Suppose 2*h - 32 = 3*w, 0 = 5*h + u*w - 56 - 24. What is the tens digit of h?
1
Suppose j - 3*j = -12. Let r = j - 2. Suppose -r*u + 4 = -24. What is the units digit of u?
7
Suppose 3*i - 145 = 2*s - 3*s, 5*s + 125 = 2*i. What is the units digit of i?
0
Let j be 3*1/(-2)*-2. Suppose -j*q + 3*w + 78 = 0, 5*w + 28 - 10 = q. What is the tens digit of q?
2
Let p = -24 + 44. Let g = p + -13. What is the units digit of g?
7
Let q = 166 + -104. What is the tens digit of q?
6
Let f(s) be the first derivative of s**5/60 + s**4/6 - s**3/2 - s**2/2 + 1. Let v(c) be the second derivative of f(c). What is the units digit of v(-5)?
2
Let h(l) = -l**3 + 9*l**2 + 5. Suppose -2*c - 10 = -m, 0*m - 5*c = 4*m - 92. Suppose -p + m = p. What is the units digit of h(p)?
5
Let b(o) = o**2 - 9*o - 3. What is the units digit of b(10)?
7
What is the hundreds digit of 190 - -3*(-4)/(-36)*3?
1
Let a be -12*4*2/24. Suppose 0 = -h + 6 + 1. Let y = h + a. What is the units digit of y?
3
Suppose -91 + 9 = -l. What is the units digit of l?
2
What is the tens digit of 49 - 3*(-4)/6?
5
Let u(p) = 2*p**3 + 22*p**2 - 11*p + 19. What is the tens digit of u(-11)?
4
Let y = -16 - -24. Let z(q) = -q**3 + 7*q**2 + 8*q - 2. Let t be z(y). What is the units digit of t/9 + (-80)/(-36)?
2
Let o(m) = -m**2. Let l(s) = 7*s**2 - 7*s - 2. Let w(i) = -l(i) - 6*o(i). Suppose 4*a - 2*t = 22, 2*a - 4 = a + 2*t. What is the units digit of w(a)?
8
Suppose -5*q - j + 12 = 0, -6 = q - 5*j - 24. Suppose -q*i = -6*i + 87. What is the units digit of i?
9
Let c(u) = u**3 - 2*u. Let m be c(2). Suppose 3 = m*h - 9. Suppose 2*a + h*n = n + 8, -3*n = -3*a. What is the units digit of a?
2
Let l(f) = 12*f - 22. What is the units digit of l(10)?
8
Let t(h) = -2*h**2 - 5*h - 5. Let x(r) be the third derivative of r**4/24 + r**3/6 + 2*r**2. Let u(d) = -2*t(d) - 10*x(d). What is the tens digit of u(2)?
1
Suppose r - 26 = d - 234, -3*d = -2*r - 627. What is the hundreds digit of d?
2
Let t = 7 + -5. What is the units digit of t?
2
What is the tens digit of ((-4)/8)/((-2)/120)?
3
Let t = 48 + -68. Let u = t + 49. What is the units digit of u?
9
Suppose 3*j + 0*j = 36. What is the units digit of j?
2
Suppose 2*w + w = 12. Suppose -w*d = -d. Suppose -15 = -3*u, d = 4*h - 3*u + 8*u - 61. What is the units digit of h?
9
Let t(d) = -d**2 - 4*d + 146. What is the units digit of t(0)?
6
Let t(d) = -d**2 - 10*d + 1. What is the tens digit of t(-5)?
2
Suppose 102 = 11*y - 10*y. What is the units digit of y?
2
Let n(r) = -r**3 + 6*r**2 - 4*r. Let g be n(5). Suppose -5*k = -2*z + 3*z + 1, 0 = -4*k + g*z - 24. What is the units digit of -1*1*(-2 + k)?
3
Let v(n) = -1 - 1 + 9*n - n**2 - 1. Let d be v(8). Let j = -3 + d. What is the units digit of j?
2
Suppose 2*y = -y + 9, 3*y = 4*z - 3. Let g be (5 + -1)/(z - 1). Suppose g*f - 39 = -f. What is the units digit of f?
3
Let s be 3/2*8/3. Let v be 832/18 + (-4)/18. Suppose -b + 2 = -5*f, s*b - 13 = 3*f + v. What is the tens digit of b?
1
What is the units digit of 2/2 - -1 - -64?
6
What is the units digit of (54 + 4)/(4/2)?
9
Let s = 29 - 44. Let p(n) = -31*n - 1. Let g be p(-1). What is the units digit of (-36)/s*g/9?
8
Suppose -o + 3*n - 23 = -5*o, 2*o = n - 1. What is the units digit of (-7 - -6)/(o/(-14))?
7
Let s(p) = 14*p + 8. Let b(u) = -5*u - 3. Let c(w) = -17*b(w) - 6*s(w). Let k be (-39)/